{"id":1419,"date":"2020-05-18T11:55:16","date_gmt":"2020-05-18T09:55:16","guid":{"rendered":"https:\/\/abeillenoire.eu\/cms\/?page_id=1419"},"modified":"2020-05-19T11:55:00","modified_gmt":"2020-05-19T09:55:00","slug":"acheter-des-abeilles","status":"publish","type":"page","link":"https:\/\/www.abeillenoire.eu\/cms\/acheter-des-abeilles\/","title":{"rendered":"Acheter des abeilles"},"content":{"rendered":"<div class=\"wpb-content-wrapper\"><p>[vc_row][vc_column][vc_column_text]<\/p>\n<blockquote>\n<h3>COMMENT ACHETER DES ABEILLES<\/h3>\n<p>Chaque ann\u00e9e, les principales maladies des abeilles, dont la varroase, causent d&rsquo;\u00e9normes pertes de colonies d&rsquo;abeilles en France. La disparition des abeilles semble \u00eatre en expansion, dans nos pays \u00ab d\u00e9velopp\u00e9s \u00bb&#8230; Certains apiculteurs pourraient \u00eatre attir\u00e9s par des offres all\u00e9chantes de paquets d&rsquo;abeilles et des essaims artificiels\u2026import\u00e9s.<\/p>\n<p>Pour des raisons \u00e9thiques et environnementales \u00e9videntes, il est insens\u00e9 d\u2019importer des abeilles de climats compl\u00e8tement diff\u00e9rents, depuis la moiti\u00e9 Sud de l&rsquo;Europe, voire depuis le monde entier pour remplacer des populations d&rsquo;abeilles locales ! Cette pratique purement commerciale n&rsquo;a rien \u00e0 voir avec la durabilit\u00e9, ni la biodiversit\u00e9. Bien au contraire, cela dessert tout d\u00e9veloppement durable en apiculture, et favorise la fragilit\u00e9 des colonies.<\/p>\n<p>Ces colonies sont multipli\u00e9es intensivement dans les pays producteurs, parfois au prix de l\u2019\u00e9radication de leur abeille locale, car aucune loi ne prot\u00e8ge le patrimoine commun comme les brevets prot\u00e8gent l\u00e9galement les entreprises priv\u00e9es.<\/p>\n<p>Ces producteurs peu scrupuleux \u00e9cologiquement, sont souvent \u00e9troitement li\u00e9s \u00e0 des soci\u00e9t\u00e9s utilisant massivement pesticides, herbicides et des antibiotiques, etc.<\/p>\n<p>Le commerce de paquets d&rsquo;abeilles import\u00e9s est un exemple de l&rsquo;\u00e9levage industriel pervers !<\/p>\n<p>S&rsquo;il vous pla\u00eet n&rsquo;achetez pas d\u2019abeilles import\u00e9es !<\/p>\n<p>La meilleure chose \u00e0 faire : Prenez contact avec des apiculteurs locaux et commandez-leur un an \u00e0 l\u2019avance de la g\u00e9n\u00e9tique locale \u00e9prouv\u00e9e et adapt\u00e9e.<\/p><\/blockquote>\n<p><em>Seuls les membres du conservatoires peuvent b\u00e9n\u00e9ficier de reines ou d&rsquo;essaims \u00e0 l&rsquo;achat selon les disponibilit\u00e9s.<\/em><\/p>\n<p>Il existe des fournisseurs d\u2019abeilles noire en France mais il n\u2019est pas certain que l\u2019\u00e9cotype soit le mieux adapt\u00e9 \u00e0 votre r\u00e9gion.<\/p>\n<p>&nbsp;<\/p>\n<h3><\/h3>\n<p>Chaque r\u00e9gion de France doit pr\u00e9server sa propre sous-esp\u00e8ce d&rsquo;abeille mellif\u00e8re : bretonne, landaise, francilienne, proven\u00e7ale, auvergnate, pyr\u00e9n\u00e9enne, savoyarde, normande, solognote, etc.<\/p>\n<p><em>Des \u00e9changes sont possibles entre adh\u00e9rents &#8230;se renseigner lors d&rsquo;un stage, ou demander par e-mail.<\/em><br \/>\n<em>Pour le maintien des populations d&rsquo;abeilles noires locales, le conservatoire propose \u00e0 ses adh\u00e9rents une aide technique \u00e0 la multiplication de leurs propres souches. Les reines \u00e9lev\u00e9es par le conservatoire et fournies aux adh\u00e9rents sont issues de lign\u00e9es-m\u00eames des adh\u00e9rents, et diff\u00e9rentes chaque ann\u00e9e afin de garantir une biodiversit\u00e9 g\u00e9n\u00e9tique locale et d&rsquo;\u00e9viter la consanguinit\u00e9.<\/em><\/p>\n<h3>S\u2019il vous pla\u00eet n\u2019achetez pas d\u2019abeilles import\u00e9es !<\/h3>\n<p>La meilleure chose \u00e0 faire : trouver un apiculteur pr\u00e8s de chez vous.<\/p>\n<div class=\"post-meta wf-mobile-collapsed\">\n<div class=\"entry-meta\"><\/div>\n<\/div>\n<p>[\/vc_column_text][\/vc_column][\/vc_row]<\/p>\n<\/div>","protected":false},"excerpt":{"rendered":"<p>[vc_row][vc_column][vc_column_text] COMMENT ACHETER DES ABEILLES Chaque ann\u00e9e, les principales maladies des abeilles, dont la varroase, causent d&rsquo;\u00e9normes pertes de colonies d&rsquo;abeilles en France. La disparition des abeilles semble \u00eatre en&hellip;<\/p>\n","protected":false},"author":5,"featured_media":0,"parent":0,"menu_order":0,"comment_status":"closed","ping_status":"closed","template":"","meta":{"_EventAllDay":false,"_EventTimezone":"","_EventStartDate":"","_EventEndDate":"","_EventStartDateUTC":"","_EventEndDateUTC":"","_EventShowMap":false,"_EventShowMapLink":false,"_EventURL":"","_EventCost":"","_EventCostDescription":"","_EventCurrencySymbol":"","_EventCurrencyCode":"","_EventCurrencyPosition":"","_EventDateTimeSeparator":"","_EventTimeRangeSeparator":"","_EventOrganizerID":[],"_EventVenueID":[],"_OrganizerEmail":"","_OrganizerPhone":"","_OrganizerWebsite":"","_VenueAddress":"","_VenueCity":"","_VenueCountry":"","_VenueProvince":"","_VenueState":"","_VenueZip":"","_VenuePhone":"","_VenueURL":"","_VenueStateProvince":"","_VenueLat":"","_VenueLng":"","_VenueShowMap":false,"_VenueShowMapLink":false,"footnotes":""},"class_list":["post-1419","page","type-page","status-publish","hentry","description-off"],"yoast_head":"<!-- This site is optimized with the Yoast SEO plugin v27.3 - https:\/\/yoast.com\/product\/yoast-seo-wordpress\/ -->\n<title>Acheter des abeilles - Conservatoire de l&#039;Abeille Noire<\/title>\n<meta name=\"robots\" content=\"index, follow, max-snippet:-1, max-image-preview:large, max-video-preview:-1\" \/>\n<link rel=\"canonical\" href=\"https:\/\/www.abeillenoire.eu\/cms\/acheter-des-abeilles\/\" \/>\n<meta property=\"og:locale\" content=\"fr_FR\" \/>\n<meta property=\"og:type\" content=\"article\" \/>\n<meta property=\"og:title\" content=\"Acheter des abeilles - Conservatoire de l&#039;Abeille Noire\" \/>\n<meta property=\"og:description\" content=\"[vc_row][vc_column][vc_column_text] COMMENT ACHETER DES ABEILLES Chaque ann\u00e9e, les principales maladies des abeilles, dont la varroase, causent d&rsquo;\u00e9normes pertes de colonies d&rsquo;abeilles en France. La disparition des abeilles semble \u00eatre en&hellip;\" \/>\n<meta property=\"og:url\" content=\"https:\/\/www.abeillenoire.eu\/cms\/acheter-des-abeilles\/\" \/>\n<meta property=\"og:site_name\" content=\"Conservatoire de l&#039;Abeille Noire\" \/>\n<meta property=\"article:publisher\" content=\"https:\/\/www.facebook.com\/CANSOLOGNE\" \/>\n<meta property=\"article:modified_time\" content=\"2020-05-19T09:55:00+00:00\" \/>\n<meta name=\"twitter:card\" content=\"summary_large_image\" \/>\n<meta name=\"twitter:label1\" content=\"Dur\u00e9e de lecture estim\u00e9e\" \/>\n\t<meta name=\"twitter:data1\" content=\"2 minutes\" \/>\n<script type=\"application\/ld+json\" class=\"yoast-schema-graph\">{\"@context\":\"https:\\\/\\\/schema.org\",\"@graph\":[{\"@type\":\"WebPage\",\"@id\":\"https:\\\/\\\/www.abeillenoire.eu\\\/cms\\\/acheter-des-abeilles\\\/\",\"url\":\"https:\\\/\\\/www.abeillenoire.eu\\\/cms\\\/acheter-des-abeilles\\\/\",\"name\":\"Acheter des abeilles - Conservatoire de l&#039;Abeille Noire\",\"isPartOf\":{\"@id\":\"https:\\\/\\\/www.abeillenoire.eu\\\/cms\\\/#website\"},\"datePublished\":\"2020-05-18T09:55:16+00:00\",\"dateModified\":\"2020-05-19T09:55:00+00:00\",\"breadcrumb\":{\"@id\":\"https:\\\/\\\/www.abeillenoire.eu\\\/cms\\\/acheter-des-abeilles\\\/#breadcrumb\"},\"inLanguage\":\"fr-FR\",\"potentialAction\":[{\"@type\":\"ReadAction\",\"target\":[\"https:\\\/\\\/www.abeillenoire.eu\\\/cms\\\/acheter-des-abeilles\\\/\"]}]},{\"@type\":\"BreadcrumbList\",\"@id\":\"https:\\\/\\\/www.abeillenoire.eu\\\/cms\\\/acheter-des-abeilles\\\/#breadcrumb\",\"itemListElement\":[{\"@type\":\"ListItem\",\"position\":1,\"name\":\"Accueil\",\"item\":\"https:\\\/\\\/www.abeillenoire.eu\\\/cms\\\/\"},{\"@type\":\"ListItem\",\"position\":2,\"name\":\"Acheter des abeilles\"}]},{\"@type\":\"WebSite\",\"@id\":\"https:\\\/\\\/www.abeillenoire.eu\\\/cms\\\/#website\",\"url\":\"https:\\\/\\\/www.abeillenoire.eu\\\/cms\\\/\",\"name\":\"Conservatoire de l&#039;Abeille Noire\",\"description\":\"\",\"publisher\":{\"@id\":\"https:\\\/\\\/www.abeillenoire.eu\\\/cms\\\/#organization\"},\"potentialAction\":[{\"@type\":\"SearchAction\",\"target\":{\"@type\":\"EntryPoint\",\"urlTemplate\":\"https:\\\/\\\/www.abeillenoire.eu\\\/cms\\\/?s={search_term_string}\"},\"query-input\":{\"@type\":\"PropertyValueSpecification\",\"valueRequired\":true,\"valueName\":\"search_term_string\"}}],\"inLanguage\":\"fr-FR\"},{\"@type\":\"Organization\",\"@id\":\"https:\\\/\\\/www.abeillenoire.eu\\\/cms\\\/#organization\",\"name\":\"Conservatoire de l'Abeille Noire en Val de Loire - Sologne - For\u00eat\",\"url\":\"https:\\\/\\\/www.abeillenoire.eu\\\/cms\\\/\",\"logo\":{\"@type\":\"ImageObject\",\"inLanguage\":\"fr-FR\",\"@id\":\"https:\\\/\\\/www.abeillenoire.eu\\\/cms\\\/#\\\/schema\\\/logo\\\/image\\\/\",\"url\":\"https:\\\/\\\/www.abeillenoire.eu\\\/cms\\\/wp-content\\\/uploads\\\/2020\\\/06\\\/logo-conservatoire-abeille-noire.jpg\",\"contentUrl\":\"https:\\\/\\\/www.abeillenoire.eu\\\/cms\\\/wp-content\\\/uploads\\\/2020\\\/06\\\/logo-conservatoire-abeille-noire.jpg\",\"width\":189,\"height\":88,\"caption\":\"Conservatoire de l'Abeille Noire en Val de Loire - Sologne - For\u00eat\"},\"image\":{\"@id\":\"https:\\\/\\\/www.abeillenoire.eu\\\/cms\\\/#\\\/schema\\\/logo\\\/image\\\/\"},\"sameAs\":[\"https:\\\/\\\/www.facebook.com\\\/CANSOLOGNE\",\"https:\\\/\\\/www.instagram.com\\\/conservatoire_abeille_noire\\\/\"]}]}<\/script>\n<!-- \/ Yoast SEO plugin. -->","yoast_head_json":{"title":"Acheter des abeilles - Conservatoire de l&#039;Abeille Noire","robots":{"index":"index","follow":"follow","max-snippet":"max-snippet:-1","max-image-preview":"max-image-preview:large","max-video-preview":"max-video-preview:-1"},"canonical":"https:\/\/www.abeillenoire.eu\/cms\/acheter-des-abeilles\/","og_locale":"fr_FR","og_type":"article","og_title":"Acheter des abeilles - Conservatoire de l&#039;Abeille Noire","og_description":"[vc_row][vc_column][vc_column_text] COMMENT ACHETER DES ABEILLES Chaque ann\u00e9e, les principales maladies des abeilles, dont la varroase, causent d&rsquo;\u00e9normes pertes de colonies d&rsquo;abeilles en France. La disparition des abeilles semble \u00eatre en&hellip;","og_url":"https:\/\/www.abeillenoire.eu\/cms\/acheter-des-abeilles\/","og_site_name":"Conservatoire de l&#039;Abeille Noire","article_publisher":"https:\/\/www.facebook.com\/CANSOLOGNE","article_modified_time":"2020-05-19T09:55:00+00:00","twitter_card":"summary_large_image","twitter_misc":{"Dur\u00e9e de lecture estim\u00e9e":"2 minutes"},"schema":{"@context":"https:\/\/schema.org","@graph":[{"@type":"WebPage","@id":"https:\/\/www.abeillenoire.eu\/cms\/acheter-des-abeilles\/","url":"https:\/\/www.abeillenoire.eu\/cms\/acheter-des-abeilles\/","name":"Acheter des abeilles - Conservatoire de l&#039;Abeille Noire","isPartOf":{"@id":"https:\/\/www.abeillenoire.eu\/cms\/#website"},"datePublished":"2020-05-18T09:55:16+00:00","dateModified":"2020-05-19T09:55:00+00:00","breadcrumb":{"@id":"https:\/\/www.abeillenoire.eu\/cms\/acheter-des-abeilles\/#breadcrumb"},"inLanguage":"fr-FR","potentialAction":[{"@type":"ReadAction","target":["https:\/\/www.abeillenoire.eu\/cms\/acheter-des-abeilles\/"]}]},{"@type":"BreadcrumbList","@id":"https:\/\/www.abeillenoire.eu\/cms\/acheter-des-abeilles\/#breadcrumb","itemListElement":[{"@type":"ListItem","position":1,"name":"Accueil","item":"https:\/\/www.abeillenoire.eu\/cms\/"},{"@type":"ListItem","position":2,"name":"Acheter des abeilles"}]},{"@type":"WebSite","@id":"https:\/\/www.abeillenoire.eu\/cms\/#website","url":"https:\/\/www.abeillenoire.eu\/cms\/","name":"Conservatoire de l&#039;Abeille Noire","description":"","publisher":{"@id":"https:\/\/www.abeillenoire.eu\/cms\/#organization"},"potentialAction":[{"@type":"SearchAction","target":{"@type":"EntryPoint","urlTemplate":"https:\/\/www.abeillenoire.eu\/cms\/?s={search_term_string}"},"query-input":{"@type":"PropertyValueSpecification","valueRequired":true,"valueName":"search_term_string"}}],"inLanguage":"fr-FR"},{"@type":"Organization","@id":"https:\/\/www.abeillenoire.eu\/cms\/#organization","name":"Conservatoire de l'Abeille Noire en Val de Loire - Sologne - For\u00eat","url":"https:\/\/www.abeillenoire.eu\/cms\/","logo":{"@type":"ImageObject","inLanguage":"fr-FR","@id":"https:\/\/www.abeillenoire.eu\/cms\/#\/schema\/logo\/image\/","url":"https:\/\/www.abeillenoire.eu\/cms\/wp-content\/uploads\/2020\/06\/logo-conservatoire-abeille-noire.jpg","contentUrl":"https:\/\/www.abeillenoire.eu\/cms\/wp-content\/uploads\/2020\/06\/logo-conservatoire-abeille-noire.jpg","width":189,"height":88,"caption":"Conservatoire de l'Abeille Noire en Val de Loire - Sologne - For\u00eat"},"image":{"@id":"https:\/\/www.abeillenoire.eu\/cms\/#\/schema\/logo\/image\/"},"sameAs":["https:\/\/www.facebook.com\/CANSOLOGNE","https:\/\/www.instagram.com\/conservatoire_abeille_noire\/"]}]}},"_links":{"self":[{"href":"https:\/\/www.abeillenoire.eu\/cms\/wp-json\/wp\/v2\/pages\/1419","targetHints":{"allow":["GET"]}}],"collection":[{"href":"https:\/\/www.abeillenoire.eu\/cms\/wp-json\/wp\/v2\/pages"}],"about":[{"href":"https:\/\/www.abeillenoire.eu\/cms\/wp-json\/wp\/v2\/types\/page"}],"author":[{"embeddable":true,"href":"https:\/\/www.abeillenoire.eu\/cms\/wp-json\/wp\/v2\/users\/5"}],"replies":[{"embeddable":true,"href":"https:\/\/www.abeillenoire.eu\/cms\/wp-json\/wp\/v2\/comments?post=1419"}],"version-history":[{"count":0,"href":"https:\/\/www.abeillenoire.eu\/cms\/wp-json\/wp\/v2\/pages\/1419\/revisions"}],"wp:attachment":[{"href":"https:\/\/www.abeillenoire.eu\/cms\/wp-json\/wp\/v2\/media?parent=1419"}],"curies":[{"name":"wp","href":"https:\/\/api.w.org\/{rel}","templated":true}]}}