{"id":1470,"date":"2020-05-18T16:51:01","date_gmt":"2020-05-18T14:51:01","guid":{"rendered":"https:\/\/abeillenoire.eu\/cms\/?page_id=1470"},"modified":"2020-05-20T01:42:38","modified_gmt":"2020-05-19T23:42:38","slug":"cultiver-la-biodiversite","status":"publish","type":"page","link":"https:\/\/www.abeillenoire.eu\/cms\/cultiver-la-biodiversite\/","title":{"rendered":"Cultiver la biodiversit\u00e9"},"content":{"rendered":"<div class=\"wpb-content-wrapper\"><p>[vc_row css=\u00a0\u00bb.vc_custom_1587109205965{padding-bottom: 50px !important;}\u00a0\u00bb][vc_column][vc_column_text]<\/p>\n<h3>Cultiver la biodiversit\u00e9<\/h3>\n<p>Effectuez vous-m\u00eames des boutures ou des semis afin d\u2019entretenir la biodiversit\u00e9 locale mellif\u00e8re et pollinif\u00e8re !<\/p>\n<p>\u2022 Les diff\u00e9rents saules sont b\u00e9n\u00e9fiques pour nos butineuses. Vous couperez en f\u00e9vrier des jets d\u2019un an de 10 cm \u00e0 50 cm, et les placerez dans un seau d\u2019eau \u00e0 l\u2019ombre afin qu\u2019ils d\u00e9veloppent des racines et une tige nouvelle; puis vous les planterez \u00e0 l\u2019automne. Ils fleuriront un \u00e0 deux ans apr\u00e8s la mise en place.<\/p>\n<p>\u2022 Les pruniers sauvages sont parmi les arbustes les plus r\u00e9sistants. Si quelques vari\u00e9t\u00e9s vous semblent particuli\u00e8rement butin\u00e9es, vous placerez les noyaux recouverts de sable humide en exposition Nord, avant m\u00eame la chute des feuilles. La germination appara\u00eetra au printemps\u2026et les fruits dans quelques ann\u00e9es !<\/p>\n<p>\u2022 Les amoureux de l\u2019aub\u00e9pine et de ses vertus auront la patience de stratifier les noyaux en janvier, et de les voir lever parfois au printemps de l\u2019ann\u00e9e suivante, soit 18 mois plus tard. Le bouturage d\u2019aub\u00e9pine en ao\u00fbt fera alors gagner deux ans de d\u00e9veloppement.<\/p>\n<p>\u2022 Le sureau noir se s\u00e8me et se bouture facilement. Les baies sont comestibles seulement apr\u00e8s cuisson : en confitures !<\/p>\n<p>\u2022 Dans votre jardin, plantez par exemple un sorbier, et semez du tr\u00e8fle blanc et du coquelicot \u2026[\/vc_column_text][\/vc_column][\/vc_row]<\/p>\n<\/div>","protected":false},"excerpt":{"rendered":"<p>[vc_row css=\u00a0\u00bb.vc_custom_1587109205965{padding-bottom: 50px !important;}\u00a0\u00bb][vc_column][vc_column_text] Cultiver la biodiversit\u00e9 Effectuez vous-m\u00eames des boutures ou des semis afin d\u2019entretenir la biodiversit\u00e9 locale mellif\u00e8re et pollinif\u00e8re ! \u2022 Les diff\u00e9rents saules sont b\u00e9n\u00e9fiques pour&hellip;<\/p>\n","protected":false},"author":5,"featured_media":0,"parent":0,"menu_order":0,"comment_status":"closed","ping_status":"closed","template":"","meta":{"_EventAllDay":false,"_EventTimezone":"","_EventStartDate":"","_EventEndDate":"","_EventStartDateUTC":"","_EventEndDateUTC":"","_EventShowMap":false,"_EventShowMapLink":false,"_EventURL":"","_EventCost":"","_EventCostDescription":"","_EventCurrencySymbol":"","_EventCurrencyCode":"","_EventCurrencyPosition":"","_EventDateTimeSeparator":"","_EventTimeRangeSeparator":"","_EventOrganizerID":[],"_EventVenueID":[],"_OrganizerEmail":"","_OrganizerPhone":"","_OrganizerWebsite":"","_VenueAddress":"","_VenueCity":"","_VenueCountry":"","_VenueProvince":"","_VenueState":"","_VenueZip":"","_VenuePhone":"","_VenueURL":"","_VenueStateProvince":"","_VenueLat":"","_VenueLng":"","_VenueShowMap":false,"_VenueShowMapLink":false,"footnotes":""},"class_list":["post-1470","page","type-page","status-publish","hentry","description-off"],"yoast_head":"<!-- This site is optimized with the Yoast SEO plugin v27.3 - https:\/\/yoast.com\/product\/yoast-seo-wordpress\/ -->\n<title>Cultiver la biodiversit\u00e9 - Conservatoire de l&#039;Abeille Noire<\/title>\n<meta name=\"robots\" content=\"index, follow, max-snippet:-1, max-image-preview:large, max-video-preview:-1\" \/>\n<link rel=\"canonical\" href=\"https:\/\/www.abeillenoire.eu\/cms\/cultiver-la-biodiversite\/\" \/>\n<meta property=\"og:locale\" content=\"fr_FR\" \/>\n<meta property=\"og:type\" content=\"article\" \/>\n<meta property=\"og:title\" content=\"Cultiver la biodiversit\u00e9 - Conservatoire de l&#039;Abeille Noire\" \/>\n<meta property=\"og:description\" content=\"[vc_row css=\u00a0\u00bb.vc_custom_1587109205965{padding-bottom: 50px !important;}\u00a0\u00bb][vc_column][vc_column_text] Cultiver la biodiversit\u00e9 Effectuez vous-m\u00eames des boutures ou des semis afin d\u2019entretenir la biodiversit\u00e9 locale mellif\u00e8re et pollinif\u00e8re ! \u2022 Les diff\u00e9rents saules sont b\u00e9n\u00e9fiques pour&hellip;\" \/>\n<meta property=\"og:url\" content=\"https:\/\/www.abeillenoire.eu\/cms\/cultiver-la-biodiversite\/\" \/>\n<meta property=\"og:site_name\" content=\"Conservatoire de l&#039;Abeille Noire\" \/>\n<meta property=\"article:publisher\" content=\"https:\/\/www.facebook.com\/CANSOLOGNE\" \/>\n<meta property=\"article:modified_time\" content=\"2020-05-19T23:42:38+00:00\" \/>\n<meta name=\"twitter:card\" content=\"summary_large_image\" \/>\n<meta name=\"twitter:label1\" content=\"Dur\u00e9e de lecture estim\u00e9e\" \/>\n\t<meta name=\"twitter:data1\" content=\"1 minute\" \/>\n<script type=\"application\/ld+json\" class=\"yoast-schema-graph\">{\"@context\":\"https:\\\/\\\/schema.org\",\"@graph\":[{\"@type\":\"WebPage\",\"@id\":\"https:\\\/\\\/www.abeillenoire.eu\\\/cms\\\/cultiver-la-biodiversite\\\/\",\"url\":\"https:\\\/\\\/www.abeillenoire.eu\\\/cms\\\/cultiver-la-biodiversite\\\/\",\"name\":\"Cultiver la biodiversit\u00e9 - Conservatoire de l&#039;Abeille Noire\",\"isPartOf\":{\"@id\":\"https:\\\/\\\/www.abeillenoire.eu\\\/cms\\\/#website\"},\"datePublished\":\"2020-05-18T14:51:01+00:00\",\"dateModified\":\"2020-05-19T23:42:38+00:00\",\"breadcrumb\":{\"@id\":\"https:\\\/\\\/www.abeillenoire.eu\\\/cms\\\/cultiver-la-biodiversite\\\/#breadcrumb\"},\"inLanguage\":\"fr-FR\",\"potentialAction\":[{\"@type\":\"ReadAction\",\"target\":[\"https:\\\/\\\/www.abeillenoire.eu\\\/cms\\\/cultiver-la-biodiversite\\\/\"]}]},{\"@type\":\"BreadcrumbList\",\"@id\":\"https:\\\/\\\/www.abeillenoire.eu\\\/cms\\\/cultiver-la-biodiversite\\\/#breadcrumb\",\"itemListElement\":[{\"@type\":\"ListItem\",\"position\":1,\"name\":\"Accueil\",\"item\":\"https:\\\/\\\/www.abeillenoire.eu\\\/cms\\\/\"},{\"@type\":\"ListItem\",\"position\":2,\"name\":\"Cultiver la biodiversit\u00e9\"}]},{\"@type\":\"WebSite\",\"@id\":\"https:\\\/\\\/www.abeillenoire.eu\\\/cms\\\/#website\",\"url\":\"https:\\\/\\\/www.abeillenoire.eu\\\/cms\\\/\",\"name\":\"Conservatoire de l&#039;Abeille Noire\",\"description\":\"\",\"publisher\":{\"@id\":\"https:\\\/\\\/www.abeillenoire.eu\\\/cms\\\/#organization\"},\"potentialAction\":[{\"@type\":\"SearchAction\",\"target\":{\"@type\":\"EntryPoint\",\"urlTemplate\":\"https:\\\/\\\/www.abeillenoire.eu\\\/cms\\\/?s={search_term_string}\"},\"query-input\":{\"@type\":\"PropertyValueSpecification\",\"valueRequired\":true,\"valueName\":\"search_term_string\"}}],\"inLanguage\":\"fr-FR\"},{\"@type\":\"Organization\",\"@id\":\"https:\\\/\\\/www.abeillenoire.eu\\\/cms\\\/#organization\",\"name\":\"Conservatoire de l'Abeille Noire en Val de Loire - Sologne - For\u00eat\",\"url\":\"https:\\\/\\\/www.abeillenoire.eu\\\/cms\\\/\",\"logo\":{\"@type\":\"ImageObject\",\"inLanguage\":\"fr-FR\",\"@id\":\"https:\\\/\\\/www.abeillenoire.eu\\\/cms\\\/#\\\/schema\\\/logo\\\/image\\\/\",\"url\":\"https:\\\/\\\/www.abeillenoire.eu\\\/cms\\\/wp-content\\\/uploads\\\/2020\\\/06\\\/logo-conservatoire-abeille-noire.jpg\",\"contentUrl\":\"https:\\\/\\\/www.abeillenoire.eu\\\/cms\\\/wp-content\\\/uploads\\\/2020\\\/06\\\/logo-conservatoire-abeille-noire.jpg\",\"width\":189,\"height\":88,\"caption\":\"Conservatoire de l'Abeille Noire en Val de Loire - Sologne - For\u00eat\"},\"image\":{\"@id\":\"https:\\\/\\\/www.abeillenoire.eu\\\/cms\\\/#\\\/schema\\\/logo\\\/image\\\/\"},\"sameAs\":[\"https:\\\/\\\/www.facebook.com\\\/CANSOLOGNE\",\"https:\\\/\\\/www.instagram.com\\\/conservatoire_abeille_noire\\\/\"]}]}<\/script>\n<!-- \/ Yoast SEO plugin. -->","yoast_head_json":{"title":"Cultiver la biodiversit\u00e9 - Conservatoire de l&#039;Abeille Noire","robots":{"index":"index","follow":"follow","max-snippet":"max-snippet:-1","max-image-preview":"max-image-preview:large","max-video-preview":"max-video-preview:-1"},"canonical":"https:\/\/www.abeillenoire.eu\/cms\/cultiver-la-biodiversite\/","og_locale":"fr_FR","og_type":"article","og_title":"Cultiver la biodiversit\u00e9 - Conservatoire de l&#039;Abeille Noire","og_description":"[vc_row css=\u00a0\u00bb.vc_custom_1587109205965{padding-bottom: 50px !important;}\u00a0\u00bb][vc_column][vc_column_text] Cultiver la biodiversit\u00e9 Effectuez vous-m\u00eames des boutures ou des semis afin d\u2019entretenir la biodiversit\u00e9 locale mellif\u00e8re et pollinif\u00e8re ! \u2022 Les diff\u00e9rents saules sont b\u00e9n\u00e9fiques pour&hellip;","og_url":"https:\/\/www.abeillenoire.eu\/cms\/cultiver-la-biodiversite\/","og_site_name":"Conservatoire de l&#039;Abeille Noire","article_publisher":"https:\/\/www.facebook.com\/CANSOLOGNE","article_modified_time":"2020-05-19T23:42:38+00:00","twitter_card":"summary_large_image","twitter_misc":{"Dur\u00e9e de lecture estim\u00e9e":"1 minute"},"schema":{"@context":"https:\/\/schema.org","@graph":[{"@type":"WebPage","@id":"https:\/\/www.abeillenoire.eu\/cms\/cultiver-la-biodiversite\/","url":"https:\/\/www.abeillenoire.eu\/cms\/cultiver-la-biodiversite\/","name":"Cultiver la biodiversit\u00e9 - Conservatoire de l&#039;Abeille Noire","isPartOf":{"@id":"https:\/\/www.abeillenoire.eu\/cms\/#website"},"datePublished":"2020-05-18T14:51:01+00:00","dateModified":"2020-05-19T23:42:38+00:00","breadcrumb":{"@id":"https:\/\/www.abeillenoire.eu\/cms\/cultiver-la-biodiversite\/#breadcrumb"},"inLanguage":"fr-FR","potentialAction":[{"@type":"ReadAction","target":["https:\/\/www.abeillenoire.eu\/cms\/cultiver-la-biodiversite\/"]}]},{"@type":"BreadcrumbList","@id":"https:\/\/www.abeillenoire.eu\/cms\/cultiver-la-biodiversite\/#breadcrumb","itemListElement":[{"@type":"ListItem","position":1,"name":"Accueil","item":"https:\/\/www.abeillenoire.eu\/cms\/"},{"@type":"ListItem","position":2,"name":"Cultiver la biodiversit\u00e9"}]},{"@type":"WebSite","@id":"https:\/\/www.abeillenoire.eu\/cms\/#website","url":"https:\/\/www.abeillenoire.eu\/cms\/","name":"Conservatoire de l&#039;Abeille Noire","description":"","publisher":{"@id":"https:\/\/www.abeillenoire.eu\/cms\/#organization"},"potentialAction":[{"@type":"SearchAction","target":{"@type":"EntryPoint","urlTemplate":"https:\/\/www.abeillenoire.eu\/cms\/?s={search_term_string}"},"query-input":{"@type":"PropertyValueSpecification","valueRequired":true,"valueName":"search_term_string"}}],"inLanguage":"fr-FR"},{"@type":"Organization","@id":"https:\/\/www.abeillenoire.eu\/cms\/#organization","name":"Conservatoire de l'Abeille Noire en Val de Loire - Sologne - For\u00eat","url":"https:\/\/www.abeillenoire.eu\/cms\/","logo":{"@type":"ImageObject","inLanguage":"fr-FR","@id":"https:\/\/www.abeillenoire.eu\/cms\/#\/schema\/logo\/image\/","url":"https:\/\/www.abeillenoire.eu\/cms\/wp-content\/uploads\/2020\/06\/logo-conservatoire-abeille-noire.jpg","contentUrl":"https:\/\/www.abeillenoire.eu\/cms\/wp-content\/uploads\/2020\/06\/logo-conservatoire-abeille-noire.jpg","width":189,"height":88,"caption":"Conservatoire de l'Abeille Noire en Val de Loire - Sologne - For\u00eat"},"image":{"@id":"https:\/\/www.abeillenoire.eu\/cms\/#\/schema\/logo\/image\/"},"sameAs":["https:\/\/www.facebook.com\/CANSOLOGNE","https:\/\/www.instagram.com\/conservatoire_abeille_noire\/"]}]}},"_links":{"self":[{"href":"https:\/\/www.abeillenoire.eu\/cms\/wp-json\/wp\/v2\/pages\/1470","targetHints":{"allow":["GET"]}}],"collection":[{"href":"https:\/\/www.abeillenoire.eu\/cms\/wp-json\/wp\/v2\/pages"}],"about":[{"href":"https:\/\/www.abeillenoire.eu\/cms\/wp-json\/wp\/v2\/types\/page"}],"author":[{"embeddable":true,"href":"https:\/\/www.abeillenoire.eu\/cms\/wp-json\/wp\/v2\/users\/5"}],"replies":[{"embeddable":true,"href":"https:\/\/www.abeillenoire.eu\/cms\/wp-json\/wp\/v2\/comments?post=1470"}],"version-history":[{"count":1,"href":"https:\/\/www.abeillenoire.eu\/cms\/wp-json\/wp\/v2\/pages\/1470\/revisions"}],"predecessor-version":[{"id":1528,"href":"https:\/\/www.abeillenoire.eu\/cms\/wp-json\/wp\/v2\/pages\/1470\/revisions\/1528"}],"wp:attachment":[{"href":"https:\/\/www.abeillenoire.eu\/cms\/wp-json\/wp\/v2\/media?parent=1470"}],"curies":[{"name":"wp","href":"https:\/\/api.w.org\/{rel}","templated":true}]}}