{"id":547,"date":"2020-02-20T19:27:13","date_gmt":"2020-02-20T18:27:13","guid":{"rendered":"https:\/\/can.mr-website.fr\/?page_id=547"},"modified":"2023-03-26T17:04:54","modified_gmt":"2023-03-26T15:04:54","slug":"nos-partenaires-mecenes","status":"publish","type":"page","link":"https:\/\/www.abeillenoire.eu\/cms\/nos-partenaires-mecenes\/","title":{"rendered":"Nos partenaires &#038; m\u00e9c\u00e8nes"},"content":{"rendered":"<div class=\"wpb-content-wrapper\"><p>[vc_row css=\u00a0\u00bb.vc_custom_1587397420937{margin-bottom: 30px !important;}\u00a0\u00bb][vc_column][vc_column_text css_animation=\u00a0\u00bbfadeIn\u00a0\u00bb]<\/p>\n<div>\n<div><i>\u00ab\u00a0Le Conservatoire de l\u2019Abeille Noire Sologne Orl\u00e9anais fonctionne sous le statut associatif, loi de 1901. Ses ressources sont limit\u00e9es aux cotisations de ses adh\u00e9rents et aux dons.\u00a0<\/i><\/div>\n<div><i>Sans les aides de nos m\u00e9c\u00e8nes institutionnels, la R\u00e9gion Centre et l\u2019Europe via les fonds Leader, les m\u00e9c\u00e8nes priv\u00e9s, La Fondation Banque Populaire Val de France, la Fondation L\u00e9a Nature, alvadiem et Thomas Apiculture qui nous ont apport\u00e9 les financements et les aides de nos partenaires, Le Domaine de Chambord, Le Prieur\u00e9 de Boulogne et l\u2019ONF qui ont mis des territoires \u00e0 notre disposition, ce projet de sauvegarde de l\u2019Abeille Noire en particulier en Sologne n\u2019aurait pu aboutir.<\/i><\/div>\n<div><i>Ils nous ont fait confiance, accordez leur vous aussi votre confiance.\u00a0\u00bb<\/i><\/div>\n<div><i>\u00a0<\/i><\/div>\n<div><i>Le Pr\u00e9sident du Conservatoire<\/i><\/div>\n<div><i>Fran\u00e7ois Breuzin<\/i><\/div>\n<\/div>\n<p>[\/vc_column_text][\/vc_column][\/vc_row][vc_row css=\u00a0\u00bb.vc_custom_1587397266073{margin-bottom: 30px !important;}\u00a0\u00bb][vc_column]<div class=\"dt-fancy-separator title-left h3-size\" style=\"width: 100%;\"><div class=\"dt-fancy-title\" style=\"color: #cb9000;\"><span class=\"separator-holder separator-left\" style=\"border-color: #cb9000;\"><\/span>Mec\u00e8nes Institutionnels<span class=\"separator-holder separator-right\" style=\"border-color: #cb9000;\"><\/span><\/div><\/div>[\/vc_column][\/vc_row][vc_row css=\u00a0\u00bb.vc_custom_1587397277593{margin-bottom: 30px !important;}\u00a0\u00bb][vc_column width=\u00a0\u00bb1\/2&Prime;][vc_column_text]<\/p>\n<h6><strong>La r\u00e9gion<\/strong><\/h6>\n<p><a href=\"http:\/\/www.regioncentre-valdeloire.fr\/accueil.html\" target=\"_blank\" rel=\"noopener noreferrer\"><strong><img loading=\"lazy\" decoding=\"async\" class=\"alignnone wp-image-1068 \" src=\"https:\/\/www.abeillenoire.eu\/cms\/wp-content\/uploads\/2020\/04\/region_horizontal_logo-300x128.jpg\" alt=\"\" width=\"228\" height=\"120\" \/><\/strong><\/a>[\/vc_column_text][\/vc_column][vc_column width=\u00a0\u00bb1\/2&Prime;][vc_column_text]<\/p>\n<h6><strong>L\u2019europe (leader et Pays des Chateaux)<\/strong><\/h6>\n<p><a href=\"https:\/\/www.paysdeschateaux.fr\/dispositifs-d-aide-1\/programme-leader\/\" target=\"_blank\" rel=\"noopener noreferrer\"><img loading=\"lazy\" decoding=\"async\" class=\"alignnone wp-image-1071 size-medium\" src=\"https:\/\/www.abeillenoire.eu\/cms\/wp-content\/uploads\/2020\/04\/fonds_feader_logo-300x69.png\" alt=\"\" width=\"300\" height=\"69\" srcset=\"https:\/\/www.abeillenoire.eu\/cms\/wp-content\/uploads\/2020\/04\/fonds_feader_logo-300x69.png 300w, https:\/\/www.abeillenoire.eu\/cms\/wp-content\/uploads\/2020\/04\/fonds_feader_logo-768x178.png 768w, https:\/\/www.abeillenoire.eu\/cms\/wp-content\/uploads\/2020\/04\/fonds_feader_logo.png 894w\" sizes=\"auto, (max-width: 300px) 100vw, 300px\" \/><\/a>[\/vc_column_text][\/vc_column][\/vc_row][vc_row css=\u00a0\u00bb.vc_custom_1587397287888{margin-bottom: 30px !important;}\u00a0\u00bb][vc_column]<div class=\"dt-fancy-separator title-left h3-size\" style=\"width: 100%;\"><div class=\"dt-fancy-title\" style=\"color: #cb9000;\"><span class=\"separator-holder separator-left\" style=\"border-color: #cb9000;\"><\/span>Mec\u00e8nes Priv\u00e9s<span class=\"separator-holder separator-right\" style=\"border-color: #cb9000;\"><\/span><\/div><\/div>[\/vc_column][\/vc_row][vc_row css=\u00a0\u00bb.vc_custom_1587397299934{margin-bottom: 30px !important;}\u00a0\u00bb][vc_column width=\u00a0\u00bb1\/2&Prime;][vc_column_text]<\/p>\n<h6><strong>1% pour la plan\u00e8te<\/strong><\/h6>\n<p><a href=\"https:\/\/www.onepercentfortheplanet.fr\/\"><img loading=\"lazy\" decoding=\"async\" class=\"alignnone wp-image-1790 size-medium\" src=\"https:\/\/www.abeillenoire.eu\/cms\/wp-content\/uploads\/2021\/09\/1-300x120.jpg\" alt=\"1% For The Plannet\" width=\"300\" height=\"120\" srcset=\"https:\/\/www.abeillenoire.eu\/cms\/wp-content\/uploads\/2021\/09\/1-300x120.jpg 300w, https:\/\/www.abeillenoire.eu\/cms\/wp-content\/uploads\/2021\/09\/1.jpg 360w\" sizes=\"auto, (max-width: 300px) 100vw, 300px\" \/><\/a>[\/vc_column_text][\/vc_column][vc_column width=\u00a0\u00bb1\/2&Prime;][\/vc_column][\/vc_row][vc_row css=\u00a0\u00bb.vc_custom_1587397299934{margin-bottom: 30px !important;}\u00a0\u00bb][vc_column width=\u00a0\u00bb1\/2&Prime;][vc_column_text]<\/p>\n<h6><strong>Fondation L\u00c9A NATURE<\/strong><\/h6>\n<p><a href=\"https:\/\/leanature.com\/la-fondation\/\" target=\"_blank\" rel=\"noopener noreferrer\"><img loading=\"lazy\" decoding=\"async\" class=\"alignnone wp-image-1748\" src=\"https:\/\/www.abeillenoire.eu\/cms\/wp-content\/uploads\/2021\/02\/lea-nature.jpg\" alt=\"\" width=\"241\" height=\"95\" srcset=\"https:\/\/www.abeillenoire.eu\/cms\/wp-content\/uploads\/2021\/02\/lea-nature.jpg 500w, https:\/\/www.abeillenoire.eu\/cms\/wp-content\/uploads\/2021\/02\/lea-nature-300x118.jpg 300w\" sizes=\"auto, (max-width: 241px) 100vw, 241px\" \/><\/a>[\/vc_column_text][\/vc_column][vc_column width=\u00a0\u00bb1\/2&Prime;][vc_column_text]<\/p>\n<h6><strong>Alvadiem<\/strong><\/h6>\n<p><a href=\"https:\/\/www.alvadiem.fr\" target=\"_blank\" rel=\"noopener noreferrer\"><img loading=\"lazy\" decoding=\"async\" class=\"alignnone wp-image-1748\" src=\"https:\/\/www.abeillenoire.eu\/cms\/wp-content\/uploads\/2021\/03\/alvadiem.png\" alt=\"\" width=\"325\" height=\"95\" \/><\/a>[\/vc_column_text][\/vc_column][\/vc_row][vc_row css=\u00a0\u00bb.vc_custom_1587397313532{margin-bottom: 30px !important;}\u00a0\u00bb][vc_column width=\u00a0\u00bb1\/2&Prime;][vc_column_text]<\/p>\n<h6><strong>Thomas Apiculture<\/strong><\/h6>\n<p><a href=\"https:\/\/www.thomas-apiculture.com\/\"><img decoding=\"async\" class=\"alignnone size-medium wp-image-1553\" src=\"https:\/\/www.abeillenoire.eu\/cms\/wp-content\/uploads\/2021\/04\/ThomasApiculture.png\" alt=\"\" width=\"185px\" height=\"120px\" \/><\/a>[\/vc_column_text][\/vc_column][vc_column width=\u00a0\u00bb1\/2&Prime;][vc_column_text]<\/p>\n<h6><strong>Fondation d&rsquo;entreprise Banque Populaire Val de France<\/strong><\/h6>\n<h6><a href=\"https:\/\/www.valdefrance.banquepopulaire.fr\/portailinternet\/Editorial\/VotreBanque\/Pages\/Mecenat-sponsoring.aspx\"><strong><img loading=\"lazy\" decoding=\"async\" class=\"alignnone wp-image-1549 size-medium\" src=\"https:\/\/www.abeillenoire.eu\/cms\/wp-content\/uploads\/2020\/05\/Fondation_banque_Populaire_Valdefrance-300x97.png\" alt=\"\" width=\"300\" height=\"97\" srcset=\"https:\/\/www.abeillenoire.eu\/cms\/wp-content\/uploads\/2020\/05\/Fondation_banque_Populaire_Valdefrance-300x97.png 300w, https:\/\/www.abeillenoire.eu\/cms\/wp-content\/uploads\/2020\/05\/Fondation_banque_Populaire_Valdefrance-391x128.png 391w, https:\/\/www.abeillenoire.eu\/cms\/wp-content\/uploads\/2020\/05\/Fondation_banque_Populaire_Valdefrance.png 395w\" sizes=\"auto, (max-width: 300px) 100vw, 300px\" \/>\u00a0<\/strong><\/a><\/h6>\n<p>[\/vc_column_text][\/vc_column][\/vc_row][vc_row css=\u00a0\u00bb.vc_custom_1587397326910{margin-bottom: 30px !important;}\u00a0\u00bb][vc_column]<div class=\"dt-fancy-separator title-left h3-size\" style=\"width: 100%;\"><div class=\"dt-fancy-title\" style=\"color: #cb9000;\"><span class=\"separator-holder separator-left\" style=\"border-color: #cb9000;\"><\/span>Les partenaires<span class=\"separator-holder separator-right\" style=\"border-color: #cb9000;\"><\/span><\/div><\/div>[\/vc_column][\/vc_row][vc_row][vc_column width=\u00a0\u00bb1\/2&Prime;][vc_column_text]<\/p>\n<h6><strong>Chambord<\/strong><\/h6>\n<p><a href=\"http:\/\/chambord.org\" target=\"_blank\" rel=\"noopener noreferrer\"><img loading=\"lazy\" decoding=\"async\" class=\"alignnone wp-image-1073 size-medium\" src=\"https:\/\/www.abeillenoire.eu\/cms\/wp-content\/uploads\/2020\/04\/1200px-Domaine_national_de_Chambord_Logo.svg_-300x195.png\" alt=\"\" width=\"300\" height=\"195\" srcset=\"https:\/\/www.abeillenoire.eu\/cms\/wp-content\/uploads\/2020\/04\/1200px-Domaine_national_de_Chambord_Logo.svg_-300x195.png 300w, https:\/\/www.abeillenoire.eu\/cms\/wp-content\/uploads\/2020\/04\/1200px-Domaine_national_de_Chambord_Logo.svg_-1024x664.png 1024w, https:\/\/www.abeillenoire.eu\/cms\/wp-content\/uploads\/2020\/04\/1200px-Domaine_national_de_Chambord_Logo.svg_-768x498.png 768w, https:\/\/www.abeillenoire.eu\/cms\/wp-content\/uploads\/2020\/04\/1200px-Domaine_national_de_Chambord_Logo.svg_.png 1200w\" sizes=\"auto, (max-width: 300px) 100vw, 300px\" \/><\/a>[\/vc_column_text][\/vc_column][vc_column width=\u00a0\u00bb1\/2&Prime;][vc_column_text]<\/p>\n<h6><strong>L\u2019Union pour les Ressources G\u00e9n\u00e9tiques du Centre<\/strong><\/h6>\n<p><a href=\"http:\/\/www.urgcentre.fr\" target=\"_blank\" rel=\"noopener noreferrer\"><img loading=\"lazy\" decoding=\"async\" class=\"alignnone wp-image-1074 size-full\" src=\"https:\/\/www.abeillenoire.eu\/cms\/wp-content\/uploads\/2020\/04\/union-pour-les-ressources-genetiques-du-centre-b622cca0343d412394bbf097f1589b83_sb200x200_bb0x0x200x200.png\" alt=\"\" width=\"200\" height=\"200\" srcset=\"https:\/\/www.abeillenoire.eu\/cms\/wp-content\/uploads\/2020\/04\/union-pour-les-ressources-genetiques-du-centre-b622cca0343d412394bbf097f1589b83_sb200x200_bb0x0x200x200.png 200w, https:\/\/www.abeillenoire.eu\/cms\/wp-content\/uploads\/2020\/04\/union-pour-les-ressources-genetiques-du-centre-b622cca0343d412394bbf097f1589b83_sb200x200_bb0x0x200x200-150x150.png 150w\" sizes=\"auto, (max-width: 200px) 100vw, 200px\" \/><\/a>[\/vc_column_text][\/vc_column][\/vc_row][vc_row][vc_column width=\u00a0\u00bb1\/2&Prime;][vc_column_text]<\/p>\n<h6><strong>Prieur\u00e9 de Boulogne<\/strong><\/h6>\n<p><a href=\"https:\/\/leprieuredeboulogne.com\" target=\"_blank\" rel=\"noopener noreferrer\"><img loading=\"lazy\" decoding=\"async\" class=\"alignnone wp-image-1073 size-medium\" src=\"https:\/\/abeillenoire.eu\/cms\/wp-content\/uploads\/2020\/04\/partenaire-prieure.png\" alt=\"\" width=\"300\" height=\"195\" \/><\/a>[\/vc_column_text][\/vc_column][vc_column width=\u00a0\u00bb1\/2&Prime;][\/vc_column][\/vc_row]<\/p>\n<\/div>","protected":false},"excerpt":{"rendered":"<p>[vc_row css=\u00a0\u00bb.vc_custom_1587397420937{margin-bottom: 30px !important;}\u00a0\u00bb][vc_column][vc_column_text css_animation=\u00a0\u00bbfadeIn\u00a0\u00bb] \u00ab\u00a0Le Conservatoire de l\u2019Abeille Noire Sologne Orl\u00e9anais fonctionne sous le statut associatif, loi de 1901. Ses ressources sont limit\u00e9es aux cotisations de ses adh\u00e9rents et&hellip;<\/p>\n","protected":false},"author":5,"featured_media":0,"parent":0,"menu_order":0,"comment_status":"closed","ping_status":"closed","template":"","meta":{"_EventAllDay":false,"_EventTimezone":"","_EventStartDate":"","_EventEndDate":"","_EventStartDateUTC":"","_EventEndDateUTC":"","_EventShowMap":false,"_EventShowMapLink":false,"_EventURL":"","_EventCost":"","_EventCostDescription":"","_EventCurrencySymbol":"","_EventCurrencyCode":"","_EventCurrencyPosition":"","_EventDateTimeSeparator":"","_EventTimeRangeSeparator":"","_EventOrganizerID":[],"_EventVenueID":[],"_OrganizerEmail":"","_OrganizerPhone":"","_OrganizerWebsite":"","_VenueAddress":"","_VenueCity":"","_VenueCountry":"","_VenueProvince":"","_VenueState":"","_VenueZip":"","_VenuePhone":"","_VenueURL":"","_VenueStateProvince":"","_VenueLat":"","_VenueLng":"","_VenueShowMap":false,"_VenueShowMapLink":false,"footnotes":""},"class_list":["post-547","page","type-page","status-publish","hentry","description-off"],"yoast_head":"<!-- This site is optimized with the Yoast SEO plugin v27.3 - https:\/\/yoast.com\/product\/yoast-seo-wordpress\/ -->\n<title>Nos partenaires &amp; m\u00e9c\u00e8nes - Conservatoire de l&#039;Abeille Noire<\/title>\n<meta name=\"robots\" content=\"index, follow, max-snippet:-1, max-image-preview:large, max-video-preview:-1\" \/>\n<link rel=\"canonical\" href=\"https:\/\/www.abeillenoire.eu\/cms\/nos-partenaires-mecenes\/\" \/>\n<meta property=\"og:locale\" content=\"fr_FR\" \/>\n<meta property=\"og:type\" content=\"article\" \/>\n<meta property=\"og:title\" content=\"Nos partenaires &amp; m\u00e9c\u00e8nes - Conservatoire de l&#039;Abeille Noire\" \/>\n<meta property=\"og:description\" content=\"[vc_row css=\u00a0\u00bb.vc_custom_1587397420937{margin-bottom: 30px !important;}\u00a0\u00bb][vc_column][vc_column_text css_animation=\u00a0\u00bbfadeIn\u00a0\u00bb] \u00ab\u00a0Le Conservatoire de l\u2019Abeille Noire Sologne Orl\u00e9anais fonctionne sous le statut associatif, loi de 1901. Ses ressources sont limit\u00e9es aux cotisations de ses adh\u00e9rents et&hellip;\" \/>\n<meta property=\"og:url\" content=\"https:\/\/www.abeillenoire.eu\/cms\/nos-partenaires-mecenes\/\" \/>\n<meta property=\"og:site_name\" content=\"Conservatoire de l&#039;Abeille Noire\" \/>\n<meta property=\"article:publisher\" content=\"https:\/\/www.facebook.com\/CANSOLOGNE\" \/>\n<meta property=\"article:modified_time\" content=\"2023-03-26T15:04:54+00:00\" \/>\n<meta property=\"og:image\" content=\"https:\/\/www.abeillenoire.eu\/cms\/wp-content\/uploads\/2020\/04\/region_horizontal_logo-300x128.jpg\" \/>\n<meta name=\"twitter:card\" content=\"summary_large_image\" \/>\n<meta name=\"twitter:label1\" content=\"Dur\u00e9e de lecture estim\u00e9e\" \/>\n\t<meta name=\"twitter:data1\" content=\"4 minutes\" \/>\n<script type=\"application\/ld+json\" class=\"yoast-schema-graph\">{\"@context\":\"https:\\\/\\\/schema.org\",\"@graph\":[{\"@type\":\"WebPage\",\"@id\":\"https:\\\/\\\/www.abeillenoire.eu\\\/cms\\\/nos-partenaires-mecenes\\\/\",\"url\":\"https:\\\/\\\/www.abeillenoire.eu\\\/cms\\\/nos-partenaires-mecenes\\\/\",\"name\":\"Nos partenaires & m\u00e9c\u00e8nes - Conservatoire de l&#039;Abeille Noire\",\"isPartOf\":{\"@id\":\"https:\\\/\\\/www.abeillenoire.eu\\\/cms\\\/#website\"},\"primaryImageOfPage\":{\"@id\":\"https:\\\/\\\/www.abeillenoire.eu\\\/cms\\\/nos-partenaires-mecenes\\\/#primaryimage\"},\"image\":{\"@id\":\"https:\\\/\\\/www.abeillenoire.eu\\\/cms\\\/nos-partenaires-mecenes\\\/#primaryimage\"},\"thumbnailUrl\":\"https:\\\/\\\/www.abeillenoire.eu\\\/cms\\\/wp-content\\\/uploads\\\/2020\\\/04\\\/region_horizontal_logo-300x128.jpg\",\"datePublished\":\"2020-02-20T18:27:13+00:00\",\"dateModified\":\"2023-03-26T15:04:54+00:00\",\"breadcrumb\":{\"@id\":\"https:\\\/\\\/www.abeillenoire.eu\\\/cms\\\/nos-partenaires-mecenes\\\/#breadcrumb\"},\"inLanguage\":\"fr-FR\",\"potentialAction\":[{\"@type\":\"ReadAction\",\"target\":[\"https:\\\/\\\/www.abeillenoire.eu\\\/cms\\\/nos-partenaires-mecenes\\\/\"]}]},{\"@type\":\"ImageObject\",\"inLanguage\":\"fr-FR\",\"@id\":\"https:\\\/\\\/www.abeillenoire.eu\\\/cms\\\/nos-partenaires-mecenes\\\/#primaryimage\",\"url\":\"https:\\\/\\\/www.abeillenoire.eu\\\/cms\\\/wp-content\\\/uploads\\\/2020\\\/04\\\/region_horizontal_logo.jpg\",\"contentUrl\":\"https:\\\/\\\/www.abeillenoire.eu\\\/cms\\\/wp-content\\\/uploads\\\/2020\\\/04\\\/region_horizontal_logo.jpg\",\"width\":969,\"height\":413},{\"@type\":\"BreadcrumbList\",\"@id\":\"https:\\\/\\\/www.abeillenoire.eu\\\/cms\\\/nos-partenaires-mecenes\\\/#breadcrumb\",\"itemListElement\":[{\"@type\":\"ListItem\",\"position\":1,\"name\":\"Accueil\",\"item\":\"https:\\\/\\\/www.abeillenoire.eu\\\/cms\\\/\"},{\"@type\":\"ListItem\",\"position\":2,\"name\":\"Nos partenaires &#038; m\u00e9c\u00e8nes\"}]},{\"@type\":\"WebSite\",\"@id\":\"https:\\\/\\\/www.abeillenoire.eu\\\/cms\\\/#website\",\"url\":\"https:\\\/\\\/www.abeillenoire.eu\\\/cms\\\/\",\"name\":\"Conservatoire de l&#039;Abeille Noire\",\"description\":\"\",\"publisher\":{\"@id\":\"https:\\\/\\\/www.abeillenoire.eu\\\/cms\\\/#organization\"},\"potentialAction\":[{\"@type\":\"SearchAction\",\"target\":{\"@type\":\"EntryPoint\",\"urlTemplate\":\"https:\\\/\\\/www.abeillenoire.eu\\\/cms\\\/?s={search_term_string}\"},\"query-input\":{\"@type\":\"PropertyValueSpecification\",\"valueRequired\":true,\"valueName\":\"search_term_string\"}}],\"inLanguage\":\"fr-FR\"},{\"@type\":\"Organization\",\"@id\":\"https:\\\/\\\/www.abeillenoire.eu\\\/cms\\\/#organization\",\"name\":\"Conservatoire de l'Abeille Noire en Val de Loire - Sologne - For\u00eat\",\"url\":\"https:\\\/\\\/www.abeillenoire.eu\\\/cms\\\/\",\"logo\":{\"@type\":\"ImageObject\",\"inLanguage\":\"fr-FR\",\"@id\":\"https:\\\/\\\/www.abeillenoire.eu\\\/cms\\\/#\\\/schema\\\/logo\\\/image\\\/\",\"url\":\"https:\\\/\\\/www.abeillenoire.eu\\\/cms\\\/wp-content\\\/uploads\\\/2020\\\/06\\\/logo-conservatoire-abeille-noire.jpg\",\"contentUrl\":\"https:\\\/\\\/www.abeillenoire.eu\\\/cms\\\/wp-content\\\/uploads\\\/2020\\\/06\\\/logo-conservatoire-abeille-noire.jpg\",\"width\":189,\"height\":88,\"caption\":\"Conservatoire de l'Abeille Noire en Val de Loire - Sologne - For\u00eat\"},\"image\":{\"@id\":\"https:\\\/\\\/www.abeillenoire.eu\\\/cms\\\/#\\\/schema\\\/logo\\\/image\\\/\"},\"sameAs\":[\"https:\\\/\\\/www.facebook.com\\\/CANSOLOGNE\",\"https:\\\/\\\/www.instagram.com\\\/conservatoire_abeille_noire\\\/\"]}]}<\/script>\n<!-- \/ Yoast SEO plugin. -->","yoast_head_json":{"title":"Nos partenaires & m\u00e9c\u00e8nes - Conservatoire de l&#039;Abeille Noire","robots":{"index":"index","follow":"follow","max-snippet":"max-snippet:-1","max-image-preview":"max-image-preview:large","max-video-preview":"max-video-preview:-1"},"canonical":"https:\/\/www.abeillenoire.eu\/cms\/nos-partenaires-mecenes\/","og_locale":"fr_FR","og_type":"article","og_title":"Nos partenaires & m\u00e9c\u00e8nes - Conservatoire de l&#039;Abeille Noire","og_description":"[vc_row css=\u00a0\u00bb.vc_custom_1587397420937{margin-bottom: 30px !important;}\u00a0\u00bb][vc_column][vc_column_text css_animation=\u00a0\u00bbfadeIn\u00a0\u00bb] \u00ab\u00a0Le Conservatoire de l\u2019Abeille Noire Sologne Orl\u00e9anais fonctionne sous le statut associatif, loi de 1901. Ses ressources sont limit\u00e9es aux cotisations de ses adh\u00e9rents et&hellip;","og_url":"https:\/\/www.abeillenoire.eu\/cms\/nos-partenaires-mecenes\/","og_site_name":"Conservatoire de l&#039;Abeille Noire","article_publisher":"https:\/\/www.facebook.com\/CANSOLOGNE","article_modified_time":"2023-03-26T15:04:54+00:00","og_image":[{"url":"https:\/\/www.abeillenoire.eu\/cms\/wp-content\/uploads\/2020\/04\/region_horizontal_logo-300x128.jpg","type":"","width":"","height":""}],"twitter_card":"summary_large_image","twitter_misc":{"Dur\u00e9e de lecture estim\u00e9e":"4 minutes"},"schema":{"@context":"https:\/\/schema.org","@graph":[{"@type":"WebPage","@id":"https:\/\/www.abeillenoire.eu\/cms\/nos-partenaires-mecenes\/","url":"https:\/\/www.abeillenoire.eu\/cms\/nos-partenaires-mecenes\/","name":"Nos partenaires & m\u00e9c\u00e8nes - Conservatoire de l&#039;Abeille Noire","isPartOf":{"@id":"https:\/\/www.abeillenoire.eu\/cms\/#website"},"primaryImageOfPage":{"@id":"https:\/\/www.abeillenoire.eu\/cms\/nos-partenaires-mecenes\/#primaryimage"},"image":{"@id":"https:\/\/www.abeillenoire.eu\/cms\/nos-partenaires-mecenes\/#primaryimage"},"thumbnailUrl":"https:\/\/www.abeillenoire.eu\/cms\/wp-content\/uploads\/2020\/04\/region_horizontal_logo-300x128.jpg","datePublished":"2020-02-20T18:27:13+00:00","dateModified":"2023-03-26T15:04:54+00:00","breadcrumb":{"@id":"https:\/\/www.abeillenoire.eu\/cms\/nos-partenaires-mecenes\/#breadcrumb"},"inLanguage":"fr-FR","potentialAction":[{"@type":"ReadAction","target":["https:\/\/www.abeillenoire.eu\/cms\/nos-partenaires-mecenes\/"]}]},{"@type":"ImageObject","inLanguage":"fr-FR","@id":"https:\/\/www.abeillenoire.eu\/cms\/nos-partenaires-mecenes\/#primaryimage","url":"https:\/\/www.abeillenoire.eu\/cms\/wp-content\/uploads\/2020\/04\/region_horizontal_logo.jpg","contentUrl":"https:\/\/www.abeillenoire.eu\/cms\/wp-content\/uploads\/2020\/04\/region_horizontal_logo.jpg","width":969,"height":413},{"@type":"BreadcrumbList","@id":"https:\/\/www.abeillenoire.eu\/cms\/nos-partenaires-mecenes\/#breadcrumb","itemListElement":[{"@type":"ListItem","position":1,"name":"Accueil","item":"https:\/\/www.abeillenoire.eu\/cms\/"},{"@type":"ListItem","position":2,"name":"Nos partenaires &#038; m\u00e9c\u00e8nes"}]},{"@type":"WebSite","@id":"https:\/\/www.abeillenoire.eu\/cms\/#website","url":"https:\/\/www.abeillenoire.eu\/cms\/","name":"Conservatoire de l&#039;Abeille Noire","description":"","publisher":{"@id":"https:\/\/www.abeillenoire.eu\/cms\/#organization"},"potentialAction":[{"@type":"SearchAction","target":{"@type":"EntryPoint","urlTemplate":"https:\/\/www.abeillenoire.eu\/cms\/?s={search_term_string}"},"query-input":{"@type":"PropertyValueSpecification","valueRequired":true,"valueName":"search_term_string"}}],"inLanguage":"fr-FR"},{"@type":"Organization","@id":"https:\/\/www.abeillenoire.eu\/cms\/#organization","name":"Conservatoire de l'Abeille Noire en Val de Loire - Sologne - For\u00eat","url":"https:\/\/www.abeillenoire.eu\/cms\/","logo":{"@type":"ImageObject","inLanguage":"fr-FR","@id":"https:\/\/www.abeillenoire.eu\/cms\/#\/schema\/logo\/image\/","url":"https:\/\/www.abeillenoire.eu\/cms\/wp-content\/uploads\/2020\/06\/logo-conservatoire-abeille-noire.jpg","contentUrl":"https:\/\/www.abeillenoire.eu\/cms\/wp-content\/uploads\/2020\/06\/logo-conservatoire-abeille-noire.jpg","width":189,"height":88,"caption":"Conservatoire de l'Abeille Noire en Val de Loire - Sologne - For\u00eat"},"image":{"@id":"https:\/\/www.abeillenoire.eu\/cms\/#\/schema\/logo\/image\/"},"sameAs":["https:\/\/www.facebook.com\/CANSOLOGNE","https:\/\/www.instagram.com\/conservatoire_abeille_noire\/"]}]}},"_links":{"self":[{"href":"https:\/\/www.abeillenoire.eu\/cms\/wp-json\/wp\/v2\/pages\/547","targetHints":{"allow":["GET"]}}],"collection":[{"href":"https:\/\/www.abeillenoire.eu\/cms\/wp-json\/wp\/v2\/pages"}],"about":[{"href":"https:\/\/www.abeillenoire.eu\/cms\/wp-json\/wp\/v2\/types\/page"}],"author":[{"embeddable":true,"href":"https:\/\/www.abeillenoire.eu\/cms\/wp-json\/wp\/v2\/users\/5"}],"replies":[{"embeddable":true,"href":"https:\/\/www.abeillenoire.eu\/cms\/wp-json\/wp\/v2\/comments?post=547"}],"version-history":[{"count":12,"href":"https:\/\/www.abeillenoire.eu\/cms\/wp-json\/wp\/v2\/pages\/547\/revisions"}],"predecessor-version":[{"id":1859,"href":"https:\/\/www.abeillenoire.eu\/cms\/wp-json\/wp\/v2\/pages\/547\/revisions\/1859"}],"wp:attachment":[{"href":"https:\/\/www.abeillenoire.eu\/cms\/wp-json\/wp\/v2\/media?parent=547"}],"curies":[{"name":"wp","href":"https:\/\/api.w.org\/{rel}","templated":true}]}}